me factors of v?
103
Let w = -21 - -62. What are the prime factors of w?
41
Let u = -75 - -145. What are the prime factors of u?
2, 5, 7
Suppose 4*u + 6 - 14 = 0. Suppose -5*c - 35 = -5*t, t + u*c - 7*c = 23. List the prime factors of 26*t*(-2)/(-12).
13
Suppose 2*b = 2*t - 16, b + t + 14 = -t. Let w = 39 + b. List the prime factors of w.
29
Suppose 0 = x - 2*z - 7, -4*x - 23 = -5*x - 2*z. Suppose -4*w + x = w. List the prime factors of w.
3
Suppose 5*u + 10 = -5*i, -4*u - 6 = 2*i - 0*i. Let t be 1 - (3 - (-3)/u). Suppose 0 = -4*s - 5*b + 11, -s + 3*b = -2*s + t. What are the prime factors of s?
2
Suppose 4*r - 6 = 14, 0 = 4*s + 4*r - 28. Let q(v) = -4 - 4*v**s + 0*v - 3 - 3*v + v**3. What are the prime factors of q(5)?
3
Let w = 8 + -4. Suppose 2*o - 5 - 11 = -r, w*r = -2*o + 52. List the prime factors of r.
2, 3
Let k = 19 + -12. Let o = 10 - k. Suppose -2 = o*u - 4*u. List the prime factors of u.
2
Let k(n) = 2 - 3 + 0*n**2 - 10*n - n**2 - 1. Let t(i) = -2*i**2 - 21*i - 3. Let d(u) = -5*k(u) + 2*t(u). What are the prime factors of d(-8)?
2
Let o(w) = 3*w**2 - w + 3. Let d be o(-4). What are the prime factors of 1287/d + (-4)/10?
23
Let i(l) = 17 - 6 + 94*l - 93*l + l**2. Let a be 0 + -1 + 0 - -1. List the prime factors of i(a).
11
Let c = 13 + -23. Let v = c - -21. List the prime factors of v.
11
Let i(n) = -15*n**3 - 2*n**2 - 2*n - 1. Let q(l) = -2*l**2 + 2*l - 1. Let d be q(1). Let r be i(d). Suppose -1 = -5*f + r. List the prime factors of f.
3
What are the prime factors of 7/((-28)/8)*-6?
2, 3
Let x be ((-12)/(-15))/((-6)/(-15)). Suppose 5*h = -4*q + 91, q = -x*h + 3*q + 22. What are the prime factors of h?
3, 5
Suppose 7*w - 10*w = -1182. List the prime factors of w.
2, 197
Suppose -3*s + 6 + 6 = 0. Suppose -i + 6*i = -5*u + 50, -s*u + 31 = -5*i. List the prime factors of u.
3
Let r(m) = 7*m**2 - 9*m + 1. Let l(a) = a**2 - 1. Let d = 14 - 8. Let k(c) = d*l(c) - r(c). List the prime factors of k(6).
11
Let z = 91 - 29. List the prime factors of z.
2, 31
Suppose -5*m = 152 + 133. Let f = 90 + m. Let y = f - 21. What are the prime factors of y?
2, 3
Let f(z) = -z**2 + 5*z - 6. Let t be f(4). Suppose 0 = -k + 5*i + 2, 5*k - 5*i - 32 = -2*i. Let p = k + t. What are the prime factors of p?
5
Suppose p = -5*m + 3*m + 123, 0 = 4*p + 4*m - 472. List the prime factors of p.
113
Suppose -5*t = 5*d - 155, 0*t = -2*t - 5*d + 53. List the prime factors of t.
2, 17
Let n(c) = -7*c - 96. List the prime factors of n(-24).
2, 3
What are the prime factors of (58 - -1)/((-18)/(-36))?
2, 59
Let b = 4 - 4. Suppose 4*w + b = -2*y - 2, w = -2*y - 2. Suppose 4*t - 24 = -w*t. What are the prime factors of t?
2, 3
Let o = -4 + 2. List the prime factors of ((-3)/5)/(o/20).
2, 3
Let b(d) = -d**3 + 4*d - 3. Let x be b(2). Let s = 6 + -12. List the prime factors of (10/4)/(x/s).
5
Suppose -r = 5 - 9. Suppose 2*h - r*h + 64 = 0. Let t = h + -18. What are the prime factors of t?
2, 7
Let q(f) = f**3 + 9*f**2 + 6*f + 3. Let s be 33/7 + (-4)/(-14). Let y be (-4)/s*(12 + -2). What are the prime factors of q(y)?
19
Let t(c) = -5*c + 14. Let b be t(-3). Let d(i) = -15*i - 4. Let w be d(-3). Suppose -b - w = -5*o. List the prime factors of o.
2, 7
Let g = 0 + 48. List the prime factors of g.
2, 3
Suppose -4*q + 26 = 2. What are the prime factors of 4/q - 28/(-12)?
3
Suppose -6*l = -l - 145. List the prime factors of l.
29
List the prime factors of 13/(13/90) - -4.
2, 47
Suppose 3*n = -2*g - 3, -2*g - 4*n = 2*g + 8. Let l(a) = a**3 + 5*a**2 + 3*a - 4. List the prime factors of l(g).
5
Let v = 102 - 84. List the prime factors of v.
2, 3
Let z = -92 + 126. What are the prime factors of z?
2, 17
Let x = 58 + -32. List the prime factors of x.
2, 13
List the prime factors of 4 + (-1 + 2 - -63).
2, 17
Let n(m) = -5*m - 1. Let f be n(-2). What are the prime factors of -1*3/f*-18?
2, 3
Let z = 17 + -12. Let o = -6 + z. What are the prime factors of (o/(-1) - -3) + -1?
3
Let o(d) = 5*d**2 + d + 1. Suppose -3*u - 5 - 1 = 0. What are the prime factors of o(u)?
19
Suppose -5*u + 104 = 3*t, 2*t = -2*u - 0*u + 64. Suppose 5*j - 32 = t. List the prime factors of j.
2, 3
Let r(t) = -t + 21. List the prime factors of r(14).
7
Let f = 1 - -3. Let z = 1 - f. List the prime factors of ((-15)/2)/z*2.
5
Let q(g) = -g**3 + 10*g**2 - 11*g + 10. Let x be q(9). Let k be 32/(-6)*36/x. Let m = k + -16. List the prime factors of m.
2
Suppose 0 = -4*l + 10 - 42. Let h be 12/l*1*4. List the prime factors of 21/h*-2*2.
2, 7
Suppose c = -2*c. Let t(p) = p + 4. List the prime factors of t(c).
2
Let j(k) = -k**3 + 8. List the prime factors of j(-4).
2, 3
Suppose 2*g = -g + 15. Suppose 2*b - 4 = 4*z, -b + 0 + 2 = -g*z. Let r(q) = q**2 + 2. List the prime factors of r(b).
2, 3
Let c(r) = -r + 45. What are the prime factors of c(0)?
3, 5
Let c be 3 + (1 + -4 - 0). Let x = 18 - c. Suppose -h + 0*y + 18 = -2*y, -2*h + x = 5*y. List the prime factors of h.
2, 7
Let z(d) = -d**2 + 8*d - 9. Let i be z(6). Suppose 5*k = -n + 8, i*k = -n - 2*n + 24. List the prime factors of -6*2*(-10)/n.
3, 5
Let f(t) = t**3 + 6*t**2 + 3*t - 5. Let q be f(-5). Suppose -q*u + 5 = -15. Suppose -u = l - 20. What are the prime factors of l?
2
Let u = 24 + -17. Let s be u*2 - (-9)/3. Suppose 0 = -4*y + 5*y - s. What are the prime factors of y?
17
Let a(b) = 9*b**2 + 3*b - 3. List the prime factors of a(2).
3, 13
Let b(j) be the third derivative of 5*j**4/8 - 3*j**2. What are the prime factors of b(1)?
3, 5
Let l(r) = 2*r**2 + 3*r + 4. Let x(d) = -3*d**2 - 3*d - 5. Let y(v) = -4*l(v) - 3*x(v). List the prime factors of y(4).
3
Let p(g) = 3*g - 4. Let c be p(3). Let a = 7 - c. Suppose w = -4, 0*q - a*q = 4*w - 8. List the prime factors of q.
2, 3
Suppose -6*b + 108 = -24. List the prime factors of b.
2, 11
Suppose 3*k + 60 = -3*m, 0 = -0*k + 4*k - 3*m + 87. List the prime factors of (k/2)/(-7)*6.
3
What are the prime factors of (-24)/(-108) - (-410)/18?
23
What are the prime factors of (-5)/20 - 25/(-4)?
2, 3
Suppose 2*m = -11 - 1. Let g be ((4 - 2)*m)/1. List the prime factors of (1 - 2)/(1/g).
2, 3
Let t(q) = 5*q**2 + 1. Let r be t(1). List the prime factors of r*(10/3 - 1).
2, 7
What are the prime factors of 1410/4 + 99/66?
2, 3, 59
Let w = 13 - 11. Suppose -3*b = w*b - m - 45, -5*m = 4*b - 65. What are the prime factors of b?
2, 5
Suppose 0*h - 4*h + 180 = 0. List the prime factors of h.
3, 5
Let z(j) = 2*j**2 - 2*j + 1. Let t be z(1). What are the prime factors of t/(1/(-129)*-3)?
43
Suppose -3*n = 2*n - 70. Suppose -l - n = -4*g, l - 7 + 24 = 5*g. Suppose 0 = -5*z + 2*p + 20, -16 = -5*z + z + g*p. What are the prime factors of z?
2
Suppose -4*b + 188 = -2*s, 62 - 254 = -4*b + 4*s. List the prime factors of b.
2, 23
Suppose 0 = -2*i + 5*t - 4*t - 37, 0 = i + 5*t - 9. List the prime factors of 0/(-1) - i/2.
2
Let j(a) = 3*a**2 + 13. List the prime factors of j(8).
5, 41
Suppose 4*r + 4*s + 16 = 0, 0*s + 20 = -5*r - 4*s. What are the prime factors of 468/21 - r/(-14)?
2, 11
Suppose -a - a = -4. List the prime factors of a/(-6) + 40/3.
13
Let t = 24 + 3. What are the prime factors of t?
3
Let i(h) = h**2 - 10*h + 12. Let z be i(9). Suppose 5*o = -z*l + 18, 5*l = -5*o + 44 - 14. What are the prime factors of l?
2, 3
Let o(a) = -2*a. Let p be (-2 + 4)*(-3)/(-2). Let w be o(p). Let u = 0 - w. What are the prime factors of u?
2, 3
Let d = 48 + -5. What are the prime factors of d?
43
Suppose 492 = 5*g - 553. List the prime factors of g.
11, 19
What are the prime factors of -244*((-18)/24)/3?
61
Let d = -4 - -12. Suppose 4*i + d*j - 15 = 3*j, -4*i + j = -21. Suppose 4*c = i + 3. List the prime factors of c.
2
Suppose 0 = 5*i + 4*x - 66, -9 = -i - 4*x + 17. Let r be (-24)/(-15) + (-6)/i. What are the prime factors of -6*(r/(-1) - 0)?
2, 3
Suppose -g + 50 = 4*g. Let a = -9 + 11. What are the prime factors of (8/10)/(a/g)?
2
Let z(g) = -g - 4. Let m be z(-9). List the prime factors of (90/(-25))/((-2)/m).
3
Let b = -2 + 4. Suppose 0 = 3*m + b - 20. What are the prime factors of 58/m - (-2)/6?
2, 5
Suppose -2 = 4*x - 10, v + 5*x = 75. Suppose -v = -5*k + 10. What are the prime factors of k?
3, 5
Let c(r) = r**2 - r - 3. What are the prime factors of c(-4)?
17
Let r = -3 + 0. Let f be ((-16)/(-12))/((-1)/r). Suppose 3*a - 36 = -f*q, 28 = 2*a + 2